{"id":112,"date":"2013-02-05T23:10:15","date_gmt":"2013-02-05T22:10:15","guid":{"rendered":"http:\/\/www.smart-change-management-camp.com\/?page_id=112"},"modified":"2015-03-06T16:06:07","modified_gmt":"2015-03-06T15:06:07","slug":"profil-cmc","status":"publish","type":"page","link":"https:\/\/smart-business-events.com\/change-management-camp\/profil-cmc\/","title":{"rendered":"0 um das geht es am CMC"},"content":{"rendered":"<div class=\"one-third first\"><img loading=\"lazy\" decoding=\"async\" class=\"alignleft size-thumbnail wp-image-217\" src=\"https:\/\/smart-business-events.com\/change-management-camp\/wp-content\/uploads\/sites\/2\/2013\/02\/change-150x150.jpg\" alt=\"change\" width=\"150\" height=\"150\" srcset=\"https:\/\/smart-business-events.com\/change-management-camp\/wp-content\/uploads\/sites\/2\/2013\/02\/change-150x150.jpg 150w, https:\/\/smart-business-events.com\/change-management-camp\/wp-content\/uploads\/sites\/2\/2013\/02\/change-73x72.jpg 73w\" sizes=\"(max-width: 150px) 100vw, 150px\" \/><\/div>\n<div class=\"two-thirds\">\n<p>&#8222;Smarte&#8220; Designs f\u00fcr Change, Agiles Change Management, Change Simulator, Lean Change\u00a0 &#8211; auch am <strong>3. Change Management Camp<\/strong> dreht sich wieder einen Tag lang alles um Innovationen und Inspirationen, Bew\u00e4hrtes und Neues zum Thema Tools und Methoden, Architektur und Design von Change.<\/p>\n<p>Im Zentrum steht der Erfahrungsaustausch zwischen F\u00fchrungskr\u00e4ften, Experten, Anwendern, Auftraggebern und Betroffenen von Change-Prozessen und komplexen Projekten.<\/p>\n<\/div>\n<h2>&#8218;Teilgeber&#8216;<\/h2>\n<p>M\u00f6chten Sie als Impulsgeber Ihre Erfahrungen, Know-how, Methoden oder Werkzeuge in einem Beitrag an dem Anlass vorstellen? <a title=\"Seien Sie aktiv am Change Management Camp dabei!\" href=\"https:\/\/smart-business-events.com\/change-management-camp\/beitrag-einreichen\/\">Dann melden Sie Ihren Beitrag hier an<\/a><\/p>\n<p>Haben Sie eine konkrete Herausforderung oder Frage, zu der Sie an der Veranstaltung Anregungen oder L\u00f6sungsvorschl\u00e4ge finden m\u00f6chten? <a title=\"Frage einreichen\" href=\"https:\/\/smart-business-events.com\/change-management-camp\/frage-einreichen\/\">Hier k\u00f6nnen Sie Ihre Frage \/ Ihren Fall (anonym) anbringen<\/a>.<\/p>\n<h2>Teilnehmer<\/h2>\n<p>Die Teilnehmer am Change Management Camp sind<\/p>\n<ul>\n<li><strong>F\u00fchrungskr\u00e4fte, Change Owner<\/strong>, <strong>Auftraggeber<\/strong> und <strong>Projektleiter<\/strong> von Change-Projekten aus Unternehmen und Organisationen<\/li>\n<li><strong>interne und externe Experten<\/strong> und <strong>Change Agents<\/strong>, die komplexe Ver\u00e4nderungsprozesse begleiten und unterst\u00fctzen<\/li>\n<li>Anbieter von <strong>Methoden, Konzepten und Werkzeugen<\/strong> f\u00fcr den Einsatz in Change-Projekten und Performance Programmen<\/li>\n<\/ul>\n<h2>Interaktion ist Programm<\/h2>\n<p>Connecting Professionals &#8211; Know-how Austausch und Inspiration stehen im Zentrum. Deshalb ist das Change Management Camp als <strong>Open Space<\/strong> organisiert:<\/p>\n<ul>\n<li>Der <a title=\"Struktur des Tages\" href=\"https:\/\/smart-business-events.com\/change-management-camp\/struktur-des-tages\/\">zeitliche Rahmen<\/a> ist vorgegeben. Die Inhalte jeder der \u00fcber den Tag verteilten Sessions bestimmen die Teilnehmenden selbst. Zwischen den Workshops ist ausreichend Zeit f\u00fcr den individuellen Austausch und Networking.<\/li>\n<li>Vor jeder Session legen alle Teilnehmenden in einem <strong>moderierten Matching-Verfahren<\/strong> aus allen angebotenen Beitr\u00e4gen und Themen die Inhalte der n\u00e4chsten Session fest.<\/li>\n<li>Eine <strong>professionelle Moderation<\/strong> f\u00fchren durch den Tag und stellen sicher, dass Fragen und Antworten, Anwendungsfall und Experte zueinander finden.<\/li>\n<\/ul>\n<p>In Workshops, Arbeitsgruppen, Diskussionsrunden und Pr\u00e4sentationen werden Case Studies und eigene Projekte, Methoden und Konzepte, Werkzeuge und Erfahrungen vorgestellt, Wissen ausgetauscht und diskutiert.<\/p>\n<h3>Machen Sie den n\u00e4chsten Schritt und melden Sie sich an!<\/h3>\n<p><a title=\"Sch\u00f6n, dass Sie dabei sind!\" href=\"https:\/\/smart-business-events.com\/change-management-camp\/anmeldung\/\">Zur Anmeldung<\/a><\/p>\n<p><a title=\"Seien Sie aktiv am Change Management Camp dabei!\" href=\"https:\/\/smart-business-events.com\/change-management-camp\/beitrag-einreichen\/\">Einen eigenen Beitrag vorstellen<\/a><\/p>\n","protected":false},"excerpt":{"rendered":"<p>&#8222;Smarte&#8220; Designs f\u00fcr Change, Agiles Change Management, Change Simulator, Lean Change\u00a0 &#8211; auch am 3. Change Management Camp dreht sich wieder einen Tag lang alles um Innovationen und Inspirationen, Bew\u00e4hrtes und Neues zum Thema Tools und Methoden, Architektur und Design von Change. Im Zentrum steht der Erfahrungsaustausch zwischen F\u00fchrungskr\u00e4ften, Experten, Anwendern, Auftraggebern und Betroffenen von [&hellip;]<\/p>\n","protected":false},"author":2,"featured_media":0,"parent":0,"menu_order":0,"comment_status":"closed","ping_status":"closed","template":"","meta":{"_genesis_hide_title":false,"_genesis_hide_breadcrumbs":false,"_genesis_hide_singular_image":false,"_genesis_hide_footer_widgets":false,"_genesis_custom_body_class":"","_genesis_custom_post_class":"","_genesis_layout":"","footnotes":""},"_links":{"self":[{"href":"https:\/\/smart-business-events.com\/change-management-camp\/wp-json\/wp\/v2\/pages\/112"}],"collection":[{"href":"https:\/\/smart-business-events.com\/change-management-camp\/wp-json\/wp\/v2\/pages"}],"about":[{"href":"https:\/\/smart-business-events.com\/change-management-camp\/wp-json\/wp\/v2\/types\/page"}],"author":[{"embeddable":true,"href":"https:\/\/smart-business-events.com\/change-management-camp\/wp-json\/wp\/v2\/users\/2"}],"replies":[{"embeddable":true,"href":"https:\/\/smart-business-events.com\/change-management-camp\/wp-json\/wp\/v2\/comments?post=112"}],"version-history":[{"count":0,"href":"https:\/\/smart-business-events.com\/change-management-camp\/wp-json\/wp\/v2\/pages\/112\/revisions"}],"wp:attachment":[{"href":"https:\/\/smart-business-events.com\/change-management-camp\/wp-json\/wp\/v2\/media?parent=112"}],"curies":[{"name":"wp","href":"https:\/\/api.w.org\/{rel}","templated":true}]}}