{"id":1195,"date":"2014-01-18T16:07:44","date_gmt":"2014-01-18T14:07:44","guid":{"rendered":"https:\/\/smart-business-events.com\/coaching-training-camp\/?page_id=1195"},"modified":"2014-01-18T23:59:54","modified_gmt":"2014-01-18T21:59:54","slug":"publikums-challenge-einreichen","status":"publish","type":"page","link":"https:\/\/smart-business-events.com\/coaching-training-camp\/publikums-challenge-einreichen\/","title":{"rendered":"Publikums-Challenge einreichen"},"content":{"rendered":"<h1>Fordern Sie die Experten heraus!<\/h1>\n<h3>Haben Sie eine &#8222;Knacknuss&#8220; f\u00fcr die Teilnehmer des Coaching &amp; Training Camps?<\/h3>\n<div id=\"attachment_1212\" style=\"width: 160px\" class=\"wp-caption alignleft\"><a href=\"https:\/\/smart-business-events.com\/coaching-training-camp\/wp-content\/uploads\/sites\/8\/2014\/01\/HR-Dilemma.png\"><img loading=\"lazy\" decoding=\"async\" aria-describedby=\"caption-attachment-1212\" class=\"size-thumbnail wp-image-1212 \" alt=\"PE-Dilemma\" src=\"https:\/\/smart-business-events.com\/coaching-training-camp\/wp-content\/uploads\/sites\/8\/2014\/01\/HR-Dilemma-150x150.png\" width=\"150\" height=\"150\" \/><\/a><p id=\"caption-attachment-1212\" class=\"wp-caption-text\">zum Vergr\u00f6ssern anklicken<\/p><\/div>\n<p>Auch falls Sie am 25. Februar nicht selbst dabei sein k\u00f6nnen, haben Sie die M\u00f6glichkeit, den Teilnehmenden des Coaching &amp; Training Camps eine aktuelle Herausforderung als <strong>&#8222;Publikums-Challenge&#8220;<\/strong> mitzugeben. Profitieren Sie als &#8222;Challenger&#8220; von den Erfahrungen und dem Know-how der Experten vor Ort und erhalten Sie Anregungen und Ideen, wie Sie Ihre Herausforderung angehen k\u00f6nnen.<\/p>\n<p>Beschreiben Sie dazu einfach Ihre Herausforderung oder Ihre Frage in Stichworten im Formular unten. Geben Sie bitte auch an, wie wir Sie bei R\u00fcckfragen am besten erreichen k\u00f6nnen.<\/p>\n<p>Unser Redaktionsteam pr\u00fcft alle eingereichten Publikums-Challenges und stellt sie an der Veranstaltung vor. Wie bei allen anderen Beitr\u00e4gen auch entscheiden die Teilnehmenden vor Ort, welche Challenges diskutiert und bearbeitet werden. Wenn Ihr Beitrag ausgew\u00e4hlt wird, bekommen Sie im Anschluss eine Zusammenfassung der Ergebnisse.<\/p>\n<h3>Kommen Sie als unser Gast ans n\u00e4chste Coaching &amp; Training Camp<\/h3>\n<p>Als Dankesch\u00f6n f\u00fcr ihre Initiative laden wir alle, deren Challenge am Anlass von den Teilnehmern bearbeitet wurde, als unseren Gast an das n\u00e4chste Coaching &amp; Trainings Camp ein.<\/p>\n<h4>Wir freuen uns auf Ihre Herausforderung!<\/h4>\n<script type=\"text\/javascript\">var gform;gform||(document.addEventListener(\"gform_main_scripts_loaded\",function(){gform.scriptsLoaded=!0}),window.addEventListener(\"DOMContentLoaded\",function(){gform.domLoaded=!0}),gform={domLoaded:!1,scriptsLoaded:!1,initializeOnLoaded:function(o){gform.domLoaded&&gform.scriptsLoaded?o():!gform.domLoaded&&gform.scriptsLoaded?window.addEventListener(\"DOMContentLoaded\",o):document.addEventListener(\"gform_main_scripts_loaded\",o)},hooks:{action:{},filter:{}},addAction:function(o,n,r,t){gform.addHook(\"action\",o,n,r,t)},addFilter:function(o,n,r,t){gform.addHook(\"filter\",o,n,r,t)},doAction:function(o){gform.doHook(\"action\",o,arguments)},applyFilters:function(o){return gform.doHook(\"filter\",o,arguments)},removeAction:function(o,n){gform.removeHook(\"action\",o,n)},removeFilter:function(o,n,r){gform.removeHook(\"filter\",o,n,r)},addHook:function(o,n,r,t,i){null==gform.hooks[o][n]&&(gform.hooks[o][n]=[]);var e=gform.hooks[o][n];null==i&&(i=n+\"_\"+e.length),gform.hooks[o][n].push({tag:i,callable:r,priority:t=null==t?10:t})},doHook:function(n,o,r){var t;if(r=Array.prototype.slice.call(r,1),null!=gform.hooks[n][o]&&((o=gform.hooks[n][o]).sort(function(o,n){return o.priority-n.priority}),o.forEach(function(o){\"function\"!=typeof(t=o.callable)&&(t=window[t]),\"action\"==n?t.apply(null,r):r[0]=t.apply(null,r)})),\"filter\"==n)return r[0]},removeHook:function(o,n,t,i){var r;null!=gform.hooks[o][n]&&(r=(r=gform.hooks[o][n]).filter(function(o,n,r){return!!(null!=i&&i!=o.tag||null!=t&&t!=o.priority)}),gform.hooks[o][n]=r)}});<\/script>\n                <div class='gf_browser_gecko gform_wrapper gform_legacy_markup_wrapper gform-theme--no-framework' data-form-theme='legacy' data-form-index='0' id='gform_wrapper_6' ><div id='gf_6' class='gform_anchor' tabindex='-1'><\/div><form method='post' enctype='multipart\/form-data' target='gform_ajax_frame_6' id='gform_6'  action='\/coaching-training-camp\/wp-json\/wp\/v2\/pages\/1195#gf_6' data-formid='6' novalidate>\n                        <div class='gform-body gform_body'><ul id='gform_fields_6' class='gform_fields top_label form_sublabel_below description_above validation_below'><li id=\"field_6_10\" class=\"gfield gfield--type-text gf_left_half gfield_contains_required field_sublabel_below gfield--has-description field_description_above field_validation_below gfield_visibility_visible\"  data-js-reload=\"field_6_10\" ><label class='gfield_label gform-field-label' for='input_6_10'>Ihre Challenge in einem Satz<span class=\"gfield_required\"><span class=\"gfield_required gfield_required_asterisk\">*<\/span><\/span><\/label><div class='gfield_description' id='gfield_description_6_10'>Der Kern Ihrer Challenge. Welche \"\u00dcberschrift\" oder \"Titel\" bringt Ihre Herausforderung auf den Punkt?<\/div><div class='ginput_container ginput_container_text'><input name='input_10' id='input_6_10' type='text' value='' class='large'  aria-describedby=\"gfield_description_6_10\"   aria-required=\"true\" aria-invalid=\"false\"   \/> <\/div><\/li><li id=\"field_6_13\" class=\"gfield gfield--type-fileupload gf_right_half field_sublabel_below gfield--has-description field_description_above field_validation_below gfield_visibility_visible\"  data-js-reload=\"field_6_13\" ><label class='gfield_label gform-field-label' for='gform_browse_button_6_13'>Falls Sie die Beschreibung oder Informationen schon als Dokument haben<\/label><div class='gfield_description' id='gfield_description_6_13'>Optional. Falls Details zu Ihre Challenge bereits beschrieben sind, oder falls Sie Ihre Challenge statt im Onlineformular lieber separat erfassen und hochladen m\u00f6chten<\/div><div class='ginput_container ginput_container_fileupload'><div id='gform_multifile_upload_6_13' data-settings='{&quot;runtimes&quot;:&quot;html5,flash,html4&quot;,&quot;browse_button&quot;:&quot;gform_browse_button_6_13&quot;,&quot;container&quot;:&quot;gform_multifile_upload_6_13&quot;,&quot;drop_element&quot;:&quot;gform_drag_drop_area_6_13&quot;,&quot;filelist&quot;:&quot;gform_preview_6_13&quot;,&quot;unique_names&quot;:true,&quot;file_data_name&quot;:&quot;file&quot;,&quot;url&quot;:&quot;https:\\\/\\\/smart-business-events.com\\\/coaching-training-camp\\\/?gf_page=1501d135cdccfcd&quot;,&quot;flash_swf_url&quot;:&quot;https:\\\/\\\/smart-business-events.com\\\/coaching-training-camp\\\/wp-includes\\\/js\\\/plupload\\\/plupload.flash.swf&quot;,&quot;silverlight_xap_url&quot;:&quot;https:\\\/\\\/smart-business-events.com\\\/coaching-training-camp\\\/wp-includes\\\/js\\\/plupload\\\/plupload.silverlight.xap&quot;,&quot;filters&quot;:{&quot;mime_types&quot;:[{&quot;title&quot;:&quot;Erlaubte Dateitypen&quot;,&quot;extensions&quot;:&quot;doc,docx,pdf;ppt;pptx&quot;}],&quot;max_file_size&quot;:&quot;2097152b&quot;},&quot;multipart&quot;:true,&quot;urlstream_upload&quot;:false,&quot;multipart_params&quot;:{&quot;form_id&quot;:6,&quot;field_id&quot;:13},&quot;gf_vars&quot;:{&quot;max_files&quot;:&quot;3&quot;,&quot;message_id&quot;:&quot;gform_multifile_messages_6_13&quot;,&quot;disallowed_extensions&quot;:[&quot;php&quot;,&quot;asp&quot;,&quot;aspx&quot;,&quot;cmd&quot;,&quot;csh&quot;,&quot;bat&quot;,&quot;html&quot;,&quot;htm&quot;,&quot;hta&quot;,&quot;jar&quot;,&quot;exe&quot;,&quot;com&quot;,&quot;js&quot;,&quot;lnk&quot;,&quot;htaccess&quot;,&quot;phtml&quot;,&quot;ps1&quot;,&quot;ps2&quot;,&quot;php3&quot;,&quot;php4&quot;,&quot;php5&quot;,&quot;php6&quot;,&quot;py&quot;,&quot;rb&quot;,&quot;tmp&quot;]}}' class='gform_fileupload_multifile'>\n\t\t\t\t\t\t\t\t\t\t<div id='gform_drag_drop_area_6_13' class='gform_drop_area gform-theme-field-control'>\n\t\t\t\t\t\t\t\t\t\t\t<span class='gform_drop_instructions'>Ziehe Dateien hier her oder <\/span>\n\t\t\t\t\t\t\t\t\t\t\t<button type='button' id='gform_browse_button_6_13' class='button gform_button_select_files gform-theme-button gform-theme-button--control' aria-describedby=\"gfield_upload_rules_6_13 gfield_description_6_13\"  >W\u00e4hle Dateien aus<\/button>\n\t\t\t\t\t\t\t\t\t\t<\/div>\n\t\t\t\t\t\t\t\t\t<\/div><span class='gfield_description gform_fileupload_rules' id='gfield_upload_rules_6_13'>Akzeptierte Dateitypen: doc, docx, pdf;ppt;pptx, Max. Dateigr\u00f6\u00dfe: 2 MB, Max. Dateien: 3.<\/span><ul class='validation_message--hidden-on-empty gform-ul-reset' id='gform_multifile_messages_6_13'><\/ul> <!-- Leave <ul> empty to support CSS :empty selector. --><\/div><div id='gform_preview_6_13' class='ginput_preview_list'><\/div><\/li><li id=\"field_6_12\" class=\"gfield gfield--type-textarea gf_left_half gfield_contains_required field_sublabel_below gfield--has-description field_description_above field_validation_below gfield_visibility_visible\"  data-js-reload=\"field_6_12\" ><label class='gfield_label gform-field-label' for='input_6_12'>Stichworte und weitere Details zur Beschreibung Ihrer Challenge<span class=\"gfield_required\"><span class=\"gfield_required gfield_required_asterisk\">*<\/span><\/span><\/label><div class='gfield_description' id='gfield_description_6_12'>Welche Aspekte sind wichtig? In welchem Kontext spielt Ihre Herausforderung? Was ist das Ziel?<\/div><div class='ginput_container ginput_container_textarea'><textarea name='input_12' id='input_6_12' class='textarea small'  aria-describedby=\"gfield_description_6_12\"   aria-required=\"true\" aria-invalid=\"false\"   rows='10' cols='50'><\/textarea><\/div><\/li><li id=\"field_6_11\" class=\"gfield gfield--type-radio gfield--type-choice gf_right_half gfield_contains_required field_sublabel_below gfield--has-description field_description_above field_validation_below gfield_visibility_visible\"  data-js-reload=\"field_6_11\" ><label class='gfield_label gform-field-label' >D\u00fcrfen wir Sie als Autor\/in der Challenge nennen?<span class=\"gfield_required\"><span class=\"gfield_required gfield_required_asterisk\">*<\/span><\/span><\/label><div class='gfield_description' id='gfield_description_6_11'>Angaben wie Email oder Telefon werden auf keinen Fall ver\u00f6ffentlicht<\/div><div class='ginput_container ginput_container_radio'><ul class='gfield_radio' id='input_6_11'>\n\t\t\t<li class='gchoice gchoice_6_11_0'>\n\t\t\t\t<input name='input_11' type='radio' value='Ja, Sie d\u00fcrfen meinen Namen, Firma und Funktion angeben' checked='checked' id='choice_6_11_0'    \/>\n\t\t\t\t<label for='choice_6_11_0' id='label_6_11_0' class='gform-field-label gform-field-label--type-inline'>Ja, Sie d\u00fcrfen meinen Namen, Firma und Funktion angeben<\/label>\n\t\t\t<\/li>\n\t\t\t<li class='gchoice gchoice_6_11_1'>\n\t\t\t\t<input name='input_11' type='radio' value='Nein, ich m\u00f6chte meine Challenge anonym einreichen'  id='choice_6_11_1'    \/>\n\t\t\t\t<label for='choice_6_11_1' id='label_6_11_1' class='gform-field-label gform-field-label--type-inline'>Nein, ich m\u00f6chte meine Challenge anonym einreichen<\/label>\n\t\t\t<\/li><\/ul><\/div><\/li><li id=\"field_6_14\" class=\"gfield gfield--type-section gsection field_sublabel_below gfield--no-description field_description_above field_validation_below gfield_visibility_visible\"  data-js-reload=\"field_6_14\" ><h2 class=\"gsection_title\">Angaben zu Ihrer Person und Kontaktdaten<\/h2><\/li><li id=\"field_6_1\" class=\"gfield gfield--type-text gf_left_third gfield_contains_required field_sublabel_below gfield--no-description field_description_above field_validation_below gfield_visibility_visible\"  data-js-reload=\"field_6_1\" ><label class='gfield_label gform-field-label' for='input_6_1'>Vor- und Nachname<span class=\"gfield_required\"><span class=\"gfield_required gfield_required_asterisk\">*<\/span><\/span><\/label><div class='ginput_container ginput_container_text'><input name='input_1' id='input_6_1' type='text' value='' class='medium'     aria-required=\"true\" aria-invalid=\"false\"   \/> <\/div><\/li><li id=\"field_6_7\" class=\"gfield gfield--type-email gf_middle_third gfield_contains_required field_sublabel_below gfield--no-description field_description_above field_validation_below gfield_visibility_visible\"  data-js-reload=\"field_6_7\" ><label class='gfield_label gform-field-label' for='input_6_7'>Email<span class=\"gfield_required\"><span class=\"gfield_required gfield_required_asterisk\">*<\/span><\/span><\/label><div class='ginput_container ginput_container_email'>\n                            <input name='input_7' id='input_6_7' type='email' value='' class='medium'    aria-required=\"true\" aria-invalid=\"false\"  \/>\n                        <\/div><\/li><li id=\"field_6_6\" class=\"gfield gfield--type-text gf_right_third field_sublabel_below gfield--no-description field_description_above field_validation_below gfield_visibility_visible\"  data-js-reload=\"field_6_6\" ><label class='gfield_label gform-field-label' for='input_6_6'>Telefonnummer<\/label><div class='ginput_container ginput_container_text'><input name='input_6' id='input_6_6' type='text' value='' class='medium'      aria-invalid=\"false\"   \/> <\/div><\/li><li id=\"field_6_2\" class=\"gfield gfield--type-text gf_left_half field_sublabel_below gfield--no-description field_description_above field_validation_below gfield_visibility_visible\"  data-js-reload=\"field_6_2\" ><label class='gfield_label gform-field-label' for='input_6_2'>Firma (optional)<\/label><div class='ginput_container ginput_container_text'><input name='input_2' id='input_6_2' type='text' value='' class='medium'      aria-invalid=\"false\"   \/> <\/div><\/li><li id=\"field_6_3\" class=\"gfield gfield--type-text gf_right_half field_sublabel_below gfield--no-description field_description_above field_validation_below gfield_visibility_visible\"  data-js-reload=\"field_6_3\" ><label class='gfield_label gform-field-label' for='input_6_3'>Abteilung, Funktion (optional)<\/label><div class='ginput_container ginput_container_text'><input name='input_3' id='input_6_3' type='text' value='' class='medium'      aria-invalid=\"false\"   \/> <\/div><\/li><li id=\"field_6_8\" class=\"gfield gfield--type-textarea field_sublabel_below gfield--no-description field_description_above field_validation_below gfield_visibility_visible\"  data-js-reload=\"field_6_8\" ><label class='gfield_label gform-field-label' for='input_6_8'>Weitere Bemerkung<\/label><div class='ginput_container ginput_container_textarea'><textarea name='input_8' id='input_6_8' class='textarea small'      aria-invalid=\"false\"   rows='10' cols='50'><\/textarea><\/div><\/li><li id=\"field_6_15\" class=\"gfield gfield--type-hidden gform_hidden field_sublabel_below gfield--no-description field_description_above field_validation_below gfield_visibility_visible\"  data-js-reload=\"field_6_15\" ><div class='ginput_container ginput_container_text'><input name='input_15' id='input_6_15' type='hidden' class='gform_hidden'  aria-invalid=\"false\" value='Challenger CTC' \/><\/div><\/li><\/ul><\/div>\n        <div class='gform_footer top_label'> <input type='submit' id='gform_submit_button_6' class='gform_button button' value='abschicken'  onclick='if(window[\"gf_submitting_6\"]){return false;}  if( !jQuery(\"#gform_6\")[0].checkValidity || jQuery(\"#gform_6\")[0].checkValidity()){window[\"gf_submitting_6\"]=true;}  ' onkeypress='if( event.keyCode == 13 ){ if(window[\"gf_submitting_6\"]){return false;} if( !jQuery(\"#gform_6\")[0].checkValidity || jQuery(\"#gform_6\")[0].checkValidity()){window[\"gf_submitting_6\"]=true;}  jQuery(\"#gform_6\").trigger(\"submit\",[true]); }' \/> <input type='hidden' name='gform_ajax' value='form_id=6&amp;title=&amp;description=&amp;tabindex=0&amp;theme=legacy' \/>\n            <input type='hidden' class='gform_hidden' name='is_submit_6' value='1' \/>\n            <input type='hidden' class='gform_hidden' name='gform_submit' value='6' \/>\n            \n            <input type='hidden' class='gform_hidden' name='gform_unique_id' value='' \/>\n            <input type='hidden' class='gform_hidden' name='state_6' value='WyJbXSIsIjc0OTE5MTc5MGJhODAzNGQwMmMwZWY3NjM5MWE1NTkyIl0=' \/>\n            <input type='hidden' class='gform_hidden' name='gform_target_page_number_6' id='gform_target_page_number_6' value='0' \/>\n            <input type='hidden' class='gform_hidden' name='gform_source_page_number_6' id='gform_source_page_number_6' value='1' \/>\n            <input type='hidden' name='gform_field_values' value='' \/>\n            <input type='hidden' name='gform_uploaded_files' id='gform_uploaded_files_6' value='' \/>\n        <\/div>\n                        \n<script type='text\/javascript'>\n\/* <![CDATA[ *\/\nr3f5x9JS=escape(document['referrer']);\nhf4N='9c081ca81d6aa3703cfe3916a0e5fb61';\nhf4V='4d34bf7dd628974ecd94a52ee79f8ee0';\njQuery(document).ready(function($){var e=\"#commentform, .comment-respond form, .comment-form, #lostpasswordform, #registerform, #loginform, #login_form, #wpss_contact_form, .gform_wrapper form\";$(e).submit(function(){$(\"<input>\").attr(\"type\",\"hidden\").attr(\"name\",\"r3f5x9JS\").attr(\"value\",r3f5x9JS).appendTo(e);return true;});var h=\"form[method='post']\";$(h).submit(function(){$(\"<input>\").attr(\"type\",\"hidden\").attr(\"name\",hf4N).attr(\"value\",hf4V).appendTo(h);return true;});});\n\/* ]]> *\/\n<\/script> \n<p style=\"display: none !important;\" class=\"akismet-fields-container\" data-prefix=\"ak_\"><label>&#916;<textarea name=\"ak_hp_textarea\" cols=\"45\" rows=\"8\" maxlength=\"100\"><\/textarea><\/label><input type=\"hidden\" id=\"ak_js_1\" name=\"ak_js\" value=\"242\"\/><script>document.getElementById( \"ak_js_1\" ).setAttribute( \"value\", ( new Date() ).getTime() );<\/script><\/p><\/form>\n                        <\/div>\n\t\t                <iframe style='display:none;width:0px;height:0px;' src='about:blank' name='gform_ajax_frame_6' id='gform_ajax_frame_6' title='Dieser iframe enth\u00e4lt die erforderliche Logik um Gravity Forms Formulare mit AJAX zu handhaben.'><\/iframe>\n\t\t                <script type=\"text\/javascript\">\n\/* <![CDATA[ *\/\n gform.initializeOnLoaded( function() {gformInitSpinner( 6, 'https:\/\/smart-business-events.com\/coaching-training-camp\/wp-content\/plugins\/gravityforms\/images\/spinner.svg', true );jQuery('#gform_ajax_frame_6').on('load',function(){var contents = jQuery(this).contents().find('*').html();var is_postback = contents.indexOf('GF_AJAX_POSTBACK') >= 0;if(!is_postback){return;}var form_content = jQuery(this).contents().find('#gform_wrapper_6');var is_confirmation = jQuery(this).contents().find('#gform_confirmation_wrapper_6').length > 0;var is_redirect = contents.indexOf('gformRedirect(){') >= 0;var is_form = form_content.length > 0 && ! is_redirect && ! is_confirmation;var mt = parseInt(jQuery('html').css('margin-top'), 10) + parseInt(jQuery('body').css('margin-top'), 10) + 100;if(is_form){jQuery('#gform_wrapper_6').html(form_content.html());if(form_content.hasClass('gform_validation_error')){jQuery('#gform_wrapper_6').addClass('gform_validation_error');} else {jQuery('#gform_wrapper_6').removeClass('gform_validation_error');}setTimeout( function() { \/* delay the scroll by 50 milliseconds to fix a bug in chrome *\/ jQuery(document).scrollTop(jQuery('#gform_wrapper_6').offset().top - mt); }, 50 );if(window['gformInitDatepicker']) {gformInitDatepicker();}if(window['gformInitPriceFields']) {gformInitPriceFields();}var current_page = jQuery('#gform_source_page_number_6').val();gformInitSpinner( 6, 'https:\/\/smart-business-events.com\/coaching-training-camp\/wp-content\/plugins\/gravityforms\/images\/spinner.svg', true );jQuery(document).trigger('gform_page_loaded', [6, current_page]);window['gf_submitting_6'] = false;}else if(!is_redirect){var confirmation_content = jQuery(this).contents().find('.GF_AJAX_POSTBACK').html();if(!confirmation_content){confirmation_content = contents;}jQuery('#gform_wrapper_6').replaceWith(confirmation_content);jQuery(document).scrollTop(jQuery('#gf_6').offset().top - mt);jQuery(document).trigger('gform_confirmation_loaded', [6]);window['gf_submitting_6'] = false;wp.a11y.speak(jQuery('#gform_confirmation_message_6').text());}else{jQuery('#gform_6').append(contents);if(window['gformRedirect']) {gformRedirect();}}jQuery(document).trigger(\"gform_pre_post_render\", [{ formId: \"6\", currentPage: \"current_page\", abort: function() { this.preventDefault(); } }]);                if (event && event.defaultPrevented) {                return;         }        const gformWrapperDiv = document.getElementById( \"gform_wrapper_6\" );        if ( gformWrapperDiv ) {            const visibilitySpan = document.createElement( \"span\" );            visibilitySpan.id = \"gform_visibility_test_6\";            gformWrapperDiv.insertAdjacentElement( \"afterend\", visibilitySpan );        }        const visibilityTestDiv = document.getElementById( \"gform_visibility_test_6\" );        let postRenderFired = false;                function triggerPostRender() {            if ( postRenderFired ) {                return;            }            postRenderFired = true;            jQuery( document ).trigger( 'gform_post_render', [6, current_page] );            gform.utils.trigger( { event: 'gform\/postRender', native: false, data: { formId: 6, currentPage: current_page } } );            if ( visibilityTestDiv ) {                visibilityTestDiv.parentNode.removeChild( visibilityTestDiv );            }        }        function debounce( func, wait, immediate ) {            var timeout;            return function() {                var context = this, args = arguments;                var later = function() {                    timeout = null;                    if ( !immediate ) func.apply( context, args );                };                var callNow = immediate && !timeout;                clearTimeout( timeout );                timeout = setTimeout( later, wait );                if ( callNow ) func.apply( context, args );            };        }        const debouncedTriggerPostRender = debounce( function() {            triggerPostRender();        }, 200 );        if ( visibilityTestDiv && visibilityTestDiv.offsetParent === null ) {            const observer = new MutationObserver( ( mutations ) => {                mutations.forEach( ( mutation ) => {                    if ( mutation.type === 'attributes' && visibilityTestDiv.offsetParent !== null ) {                        debouncedTriggerPostRender();                        observer.disconnect();                    }                });            });            observer.observe( document.body, {                attributes: true,                childList: false,                subtree: true,                attributeFilter: [ 'style', 'class' ],            });        } else {            triggerPostRender();        }    } );} ); \n\/* ]]> *\/\n<\/script>\n\n","protected":false},"excerpt":{"rendered":"<p>Fordern Sie die Experten heraus! Haben Sie eine &#8222;Knacknuss&#8220; f\u00fcr die Teilnehmer des Coaching &amp; Training Camps? Auch falls Sie am 25. Februar nicht selbst dabei sein k\u00f6nnen, haben Sie die M\u00f6glichkeit, den Teilnehmenden des Coaching &amp; Training Camps eine aktuelle Herausforderung als &#8222;Publikums-Challenge&#8220; mitzugeben. Profitieren Sie als &#8222;Challenger&#8220; von den Erfahrungen und dem Know-how [&hellip;]<\/p>\n","protected":false},"author":1,"featured_media":1212,"parent":0,"menu_order":0,"comment_status":"open","ping_status":"open","template":"","meta":{"_genesis_hide_title":false,"_genesis_hide_breadcrumbs":false,"_genesis_hide_singular_image":false,"_genesis_hide_footer_widgets":false,"_genesis_custom_body_class":"","_genesis_custom_post_class":"","_genesis_layout":"full-width-content","footnotes":""},"_links":{"self":[{"href":"https:\/\/smart-business-events.com\/coaching-training-camp\/wp-json\/wp\/v2\/pages\/1195"}],"collection":[{"href":"https:\/\/smart-business-events.com\/coaching-training-camp\/wp-json\/wp\/v2\/pages"}],"about":[{"href":"https:\/\/smart-business-events.com\/coaching-training-camp\/wp-json\/wp\/v2\/types\/page"}],"author":[{"embeddable":true,"href":"https:\/\/smart-business-events.com\/coaching-training-camp\/wp-json\/wp\/v2\/users\/1"}],"replies":[{"embeddable":true,"href":"https:\/\/smart-business-events.com\/coaching-training-camp\/wp-json\/wp\/v2\/comments?post=1195"}],"version-history":[{"count":0,"href":"https:\/\/smart-business-events.com\/coaching-training-camp\/wp-json\/wp\/v2\/pages\/1195\/revisions"}],"wp:featuredmedia":[{"embeddable":true,"href":"https:\/\/smart-business-events.com\/coaching-training-camp\/wp-json\/wp\/v2\/media\/1212"}],"wp:attachment":[{"href":"https:\/\/smart-business-events.com\/coaching-training-camp\/wp-json\/wp\/v2\/media?parent=1195"}],"curies":[{"name":"wp","href":"https:\/\/api.w.org\/{rel}","templated":true}]}}