{"id":113,"date":"2016-03-17T11:57:39","date_gmt":"2016-03-17T10:57:39","guid":{"rendered":"https:\/\/smart-business-events.com\/soltarbiz\/?page_id=113"},"modified":"2018-01-18T09:31:34","modified_gmt":"2018-01-18T08:31:34","slug":"working-capital-management","status":"publish","type":"page","link":"https:\/\/smart-business-events.com\/soltarbiz\/expertisen\/working-capital-management\/","title":{"rendered":"Working Capital Management"},"content":{"rendered":"<h1><span style=\"color: #b3071b\">Working Capital Management<\/span><\/h1>\n<p>&nbsp;<\/p>\n<h4><strong><span style=\"color: #af1028\">Ausgangslage<\/span><\/strong><\/h4>\n<p>Working Capital Management ist ein Kernbaustein wertorientierter Unternehmensf\u00fchrung. Es adressiert die drei wesentlichen Bestandteile des Working Capitals: Forderungen, Verbindlichkeiten und Lagerbest\u00e4nde. Der Lagerbestand sichert Verf\u00fcgbarkeit und Lieferf\u00e4higkeit. Er bindet jedoch Kapital und verursacht Kosten. In einem Industrieunternehmen machen Best\u00e4nde typischerweise 15\u201320% des Umsatzes aus. Sie erzeugen im Branchendurchschnitt Kosten in H\u00f6he von ca 15-25% des Bestandwertes. Um Liquidit\u00e4t freizusetzen, die Lagerkosten zu senken und die Lieferf\u00e4higkeit zu verbessern, ist ein professionelles Bestandsmanagement notwendig. dispo+ ist ein regelm\u00e4ssiger Expertenservice um dies zu erreichen.<\/p>\n<p>&nbsp;<\/p>\n<h4><span style=\"color: #b3071b\">SOLTAR Expertise dispo+<\/span><\/h4>\n<p>Das <strong>SOLTAR dispo+ Bestandsmanagement mit System<\/strong> optimiert die Lagerbest\u00e4nde und die Lieferf\u00e4higkeit in drei Modulen. In dispo+ werden Bestands-, Verbrauchs- und Stammdaten analysiert und auf definierten Aggregationsebenen mit einem auf den Kunden zugeschnittenen Standard-Reporting dargestellt (Modul 1 TRANSPARENZ). Im Modul 2 STRATEGIE &amp; ZIELE werden Dispositionsstrategien (z.B. Plan- oder Verbrauchssteuerung) und Lagerbestandsziele auf definierten Aggregationsebenen in festen Rhytmen \u00fcberpr\u00fcft und nach den aktuellen Marktanforderungen festgelegt. dispo+ berechnet und aktualisiert im Modul 3 ERP PARAMETEROPTIMIERUNG die Dispositionsstammdaten im ERP System und zeigt die Sensitivit\u00e4t der Lagerbest\u00e4nde bzgl. Stammdateneinstellungen auf. SOLTAR kann den Kunden bei der PROZESSOPTIMIERUNG einen Katalog von mehr als 50 Einzelmassnahmen, die firmenspezifisch bewertet werden, zur Verf\u00fcgung stellen. SOLTAR kann die nachhaltige Umsetzung dieser Massnahmen bei Bedarf unterst\u00fctzen.<\/p>\n<p>&nbsp;<\/p>\n<p><img loading=\"lazy\" decoding=\"async\" class=\"alignnone size-full wp-image-1145\" src=\"http:\/\/soltar.biz\/wp-content\/uploads\/sites\/23\/2016\/06\/dispo.png\" alt=\"dispo+\" width=\"963\" height=\"115\" srcset=\"https:\/\/smart-business-events.com\/soltarbiz\/wp-content\/uploads\/sites\/23\/2016\/06\/dispo.png 963w, https:\/\/smart-business-events.com\/soltarbiz\/wp-content\/uploads\/sites\/23\/2016\/06\/dispo-300x36.png 300w, https:\/\/smart-business-events.com\/soltarbiz\/wp-content\/uploads\/sites\/23\/2016\/06\/dispo-768x92.png 768w\" sizes=\"(max-width: 963px) 100vw, 963px\" \/><\/p>\n<p>&nbsp;<\/p>\n<h4><span style=\"color: #af1028\"><strong>Ihr Nutzen von dispo+<\/strong><\/span><\/h4>\n<ul>\n<li>Potentialabsch\u00e4tzung Lagerbestandsreduktion und Lieferf\u00e4higkeitsverbesserung<\/li>\n<li>Transparenz im Lager (Bestandsanalyse)<\/li>\n<li>Beurteilung der Stammdatenqualit\u00e4t<\/li>\n<li>Aktualisierte Dispositionsstammdaten (z.B. Sicherheits-\/Meldebest\u00e4nde)<\/li>\n<li>Abgleich Top-Down-Ziele mit Industriebenchmarks und Bottum-Up-Zielen<\/li>\n<li>Realistische Cashflow-Planung aus Bestandsver\u00e4nderungen<\/li>\n<li>Reduktion des Lagerbestandes und der Lagerkosten um 10\u201330%<\/li>\n<li>Realisierung der geforderten Verf\u00fcgbarkeit<\/li>\n<li>Kennzahlensystem zur Messung des Erfolges<\/li>\n<\/ul>\n<p>&nbsp;<\/p>\n<h4><strong><span style=\"color: #af1028\">Auszug Referenzen<\/span><\/strong><\/h4>\n<div class=\"one-fourth first\"><img loading=\"lazy\" decoding=\"async\" class=\"wp-image-596 size-full alignleft\" src=\"https:\/\/smart-business-events.com\/soltarbiz\/wp-content\/uploads\/sites\/23\/2016\/03\/Sika_170x120.png\" alt=\"Sika_170x120\" width=\"170\" height=\"120\" \/><\/div>\n<div class=\"three-fourths\"><em>\u201eDie Methoden und Simulationstools der SOLTAR haben einen wichtigen Beitrag zur deutlichen Bestandsreduktion und zu einem ganzheitlichen Bestandsmanagement geleistet.\u201c<\/em><br \/>\nHead Logistics, Sika Supply Center, Sika Konzern<\/div>\n<div class=\"one-fourth first\"><img loading=\"lazy\" decoding=\"async\" class=\"wp-image-592 size-full alignleft\" src=\"https:\/\/smart-business-events.com\/soltarbiz\/wp-content\/uploads\/sites\/23\/2016\/03\/Noventa_170x120.png\" alt=\"Noventa_170x120\" width=\"170\" height=\"120\" \/><\/div>\n<div class=\"three-fourths\"><em>\u201eDie SOLTAR AG hat mit ihren professionellen Methoden und der angenehmen Zusammenarbeit wesentlich zu einem erfolgreichen Lagerbestandsmanagement bei der Noventa AG beigetragen.\u201c<\/em><br \/>\nGesch\u00e4ftsf\u00fchrer, Noventa AG<\/div>\n<div class=\"one-fourth first\"><img loading=\"lazy\" decoding=\"async\" class=\"alignnone wp-image-2220\" src=\"http:\/\/soltar.biz\/wp-content\/uploads\/sites\/23\/2018\/01\/Swissoptic1.png\" alt=\"\" width=\"170\" height=\"121\" \/><\/div>\n<div class=\"three-fourths\"><em>\u201eMit den Methoden und dem Vorgehen der SOLTAR AG konnten wir deutliche und nachhaltige Verbesserungen im Bestandsmanagement erzielen. Die Zusammenarbeit war sehr effizient, pragmatisch und adressierte mit konkreten Fakten die wesentlichen Optimierungshebel.\u201c<\/em><br \/>\nCFO, SwissOptic AG und und Leiter Operations<\/div>\n<div><\/div>\n<div><\/div>\n<div><\/div>\n<div><\/div>\n<div><\/div>\n<div><\/div>\n<div><\/div>\n","protected":false},"excerpt":{"rendered":"<p>Working Capital Management &nbsp; Ausgangslage Working Capital Management ist ein Kernbaustein wertorientierter Unternehmensf\u00fchrung. Es adressiert die drei wesentlichen Bestandteile des Working Capitals: Forderungen, Verbindlichkeiten und Lagerbest\u00e4nde. Der Lagerbestand sichert Verf\u00fcgbarkeit und Lieferf\u00e4higkeit. Er bindet jedoch Kapital und verursacht Kosten. In einem Industrieunternehmen machen Best\u00e4nde typischerweise 15\u201320% des Umsatzes aus. Sie erzeugen im Branchendurchschnitt Kosten in [&hellip;]<\/p>\n","protected":false},"author":38,"featured_media":732,"parent":14,"menu_order":0,"comment_status":"closed","ping_status":"closed","template":"","meta":{"_genesis_hide_title":false,"_genesis_hide_breadcrumbs":false,"_genesis_hide_singular_image":false,"_genesis_hide_footer_widgets":false,"_genesis_custom_body_class":"","_genesis_custom_post_class":"","_genesis_layout":"full-width-content","footnotes":""},"_links":{"self":[{"href":"https:\/\/smart-business-events.com\/soltarbiz\/wp-json\/wp\/v2\/pages\/113"}],"collection":[{"href":"https:\/\/smart-business-events.com\/soltarbiz\/wp-json\/wp\/v2\/pages"}],"about":[{"href":"https:\/\/smart-business-events.com\/soltarbiz\/wp-json\/wp\/v2\/types\/page"}],"author":[{"embeddable":true,"href":"https:\/\/smart-business-events.com\/soltarbiz\/wp-json\/wp\/v2\/users\/38"}],"replies":[{"embeddable":true,"href":"https:\/\/smart-business-events.com\/soltarbiz\/wp-json\/wp\/v2\/comments?post=113"}],"version-history":[{"count":0,"href":"https:\/\/smart-business-events.com\/soltarbiz\/wp-json\/wp\/v2\/pages\/113\/revisions"}],"up":[{"embeddable":true,"href":"https:\/\/smart-business-events.com\/soltarbiz\/wp-json\/wp\/v2\/pages\/14"}],"wp:featuredmedia":[{"embeddable":true,"href":"https:\/\/smart-business-events.com\/soltarbiz\/wp-json\/wp\/v2\/media\/732"}],"wp:attachment":[{"href":"https:\/\/smart-business-events.com\/soltarbiz\/wp-json\/wp\/v2\/media?parent=113"}],"curies":[{"name":"wp","href":"https:\/\/api.w.org\/{rel}","templated":true}]}}