{"id":525,"date":"2016-03-30T16:47:17","date_gmt":"2016-03-30T14:47:17","guid":{"rendered":"https:\/\/smart-business-events.com\/soltarbiz\/?page_id=525"},"modified":"2016-03-30T16:55:18","modified_gmt":"2016-03-30T14:55:18","slug":"dr-alwin-locker-geschaeftsfuehrer","status":"publish","type":"page","link":"https:\/\/smart-business-events.com\/soltarbiz\/soltar\/ueber-uns\/dr-alwin-locker-geschaeftsfuehrer\/","title":{"rendered":"Dr. Alwin Locker &#8211; Gesch\u00e4ftsf\u00fchrer"},"content":{"rendered":"<p><strong>Name<\/strong><\/p>\n<p>Alwin Locker<\/p>\n<p><strong>Studium<\/strong><\/p>\n<p>Dr. oec. HSG \/ Universit\u00e4t St. Gallen<br \/>\nDipl. Wirt. Ing. \/ Universit\u00e4t Paderborn<br \/>\nCorporate Finance \/ Universit\u00e4t Z\u00fcrich<\/p>\n<p><strong>Praxiserfahrung<\/strong><\/p>\n<p>Gesch\u00e4ftsf\u00fchrer \/ SOLTAR AG<br \/>\nLeiter Global Supply Chain Management \/ SIG Comibloc<br \/>\nLeiter Service, Logistics, Production \/ Haniel Textile Service<br \/>\nDozent f\u00fcr Operations-, Beschaffungs-, Supply Chain- und Supply Chain Finance Management \/ Universit\u00e4t St. Gallen, Universit\u00e4t Stuttgart, Hochschule f\u00fcr Wirtschaft Z\u00fcrich, Fachhochschule Nordwestschweiz, Z\u00fcrcher Hochschule f\u00fcr angewandte Wissenschaften,\u00a0International School of Management, Procure.ch<\/p>\n<p><strong>Sprachen<\/strong><\/p>\n<p>Deutsch \/ Englisch \/ Franz\u00f6sisch<\/p>\n<p>&nbsp;<\/p>\n<p><a href=\"https:\/\/smart-business-events.com\/soltarbiz\/soltar\/ueber-uns\/\">zur\u00fcck<\/a><\/p>\n","protected":false},"excerpt":{"rendered":"<p>Name Alwin Locker Studium Dr. oec. HSG \/ Universit\u00e4t St. Gallen Dipl. Wirt. Ing. \/ Universit\u00e4t Paderborn Corporate Finance \/ Universit\u00e4t Z\u00fcrich Praxiserfahrung Gesch\u00e4ftsf\u00fchrer \/ SOLTAR AG Leiter Global Supply Chain Management \/ SIG Comibloc Leiter Service, Logistics, Production \/ Haniel Textile Service Dozent f\u00fcr Operations-, Beschaffungs-, Supply Chain- und Supply Chain Finance Management \/ [&hellip;]<\/p>\n","protected":false},"author":37,"featured_media":0,"parent":32,"menu_order":0,"comment_status":"closed","ping_status":"closed","template":"","meta":{"_genesis_hide_title":false,"_genesis_hide_breadcrumbs":false,"_genesis_hide_singular_image":false,"_genesis_hide_footer_widgets":false,"_genesis_custom_body_class":"","_genesis_custom_post_class":"","_genesis_layout":"","footnotes":""},"_links":{"self":[{"href":"https:\/\/smart-business-events.com\/soltarbiz\/wp-json\/wp\/v2\/pages\/525"}],"collection":[{"href":"https:\/\/smart-business-events.com\/soltarbiz\/wp-json\/wp\/v2\/pages"}],"about":[{"href":"https:\/\/smart-business-events.com\/soltarbiz\/wp-json\/wp\/v2\/types\/page"}],"author":[{"embeddable":true,"href":"https:\/\/smart-business-events.com\/soltarbiz\/wp-json\/wp\/v2\/users\/37"}],"replies":[{"embeddable":true,"href":"https:\/\/smart-business-events.com\/soltarbiz\/wp-json\/wp\/v2\/comments?post=525"}],"version-history":[{"count":0,"href":"https:\/\/smart-business-events.com\/soltarbiz\/wp-json\/wp\/v2\/pages\/525\/revisions"}],"up":[{"embeddable":true,"href":"https:\/\/smart-business-events.com\/soltarbiz\/wp-json\/wp\/v2\/pages\/32"}],"wp:attachment":[{"href":"https:\/\/smart-business-events.com\/soltarbiz\/wp-json\/wp\/v2\/media?parent=525"}],"curies":[{"name":"wp","href":"https:\/\/api.w.org\/{rel}","templated":true}]}}